2 + 0 + 0*z**2. Give p(n).
15
Let m = 4 + -5. Let o(f) = 2*f - 3. Let h be o(3). Let l(q) = -q**2 + 0 + 7*q**h + 3 - 2. Give l(m).
-7
Suppose -4 = -3*j - 5*b - 24, 4*j - 20 = 5*b. Suppose -6 = -3*a - j. Let z(l) = l + 1 + a*l + 2*l**2 + 0*l**2. Calculate z(-2).
3
Let a = -14 - -23. Let u(h) = 9*h - 7*h**3 + 4 - 1 + 1 + a - 12*h**2. Let j(y) = 8*y**3 + 13*y**2 - 10*y - 14. Let g(v) = 6*j(v) + 7*u(v). Calculate g(-6).
-11
Let h(v) = -6*v**2 + 12*v - 8. Suppose -y - 3*y - 24 = 0. Let n(u) = 5*u**2 - 11*u + 8. Let m(s) = y*h(s) - 7*n(s). Determine m(-7).
6
Let u be 12/16 + (255/4)/3. Let b(z) = -z**2 - 2 - 8*z - 16*z + u*z. What is b(-4)?
-10
Let x(a) = 3*a + 15. Suppose 4*j - 7 - 1 = 0. Let d(p) = -p - 7. Let w(m) = j*x(m) + 5*d(m). Calculate w(6).
1
Let u(k) be the first derivative of 2*k**3/3 - 9*k**2/2 - 5. Suppose 22 = 4*f - 2. Calculate u(f).
18
Let g(s) = -s**2 + s + 1. Let j(z) = 4 - 17 - z - 3*z. Let n be j(-3). Calculate g(n).
-1
Let g(r) = -2*r**3 - 7*r**2 - 4*r + 5. Let s(x) = x**3 + 4*x**2 + 2*x - 3. Let h(t) = 3*g(t) + 5*s(t). Suppose f + 4 = -2*z - 5, 3*f = 2*z - 11. Give h(z).
8
Let a = 19 - 28. Let q be (-2 - a)*(-12)/(-21). Let z(m) = 4*m - 1 + 0*m - 6*m + q*m. Calculate z(4).
7
Let f(c) be the second derivative of 3*c**3/2 - c**2/2 - 43*c. Let m be ((-4)/8)/((-1)/(-2)). Calculate f(m).
-10
Let o be 51/(-9) - (-4)/6. Let w(s) = -4*s - 6. Let a(i) = -i - 2. Let g(q) = 6*a(q) - w(q). What is g(o)?
4
Let v(u) = -3*u + 8. Let l(j) = -8*j + 24. Let x(p) = 4*l(p) - 11*v(p). Determine x(-9).
-1
Let q(h) = -h**3 - 7*h**2 - 7*h - 2. Let o(u) = -u**3 + 14*u**2 - 16*u + 34. Let k be o(13). What is q(k)?
-17
Suppose 70*k + 135 = 55*k. Let h(f) = -f**2 - 11*f - 17. Give h(k).
1
Suppose 3*p + 7 = 4*b - 16, -3*p - 28 = -5*b. Suppose i = -b*i + 18. Let f(z) = z**3 - 2*z**2 - 3*z - 4. What is f(i)?
-4
Let t(f) = -6*f + 1. Let n be ((-1)/((-3)/(-9)))/(-1). Suppose -5*l = -n*l. Let g be (l - 4)/(4/(-2)). Determine t(g).
-11
Let j(h) = 3*h**2 - 14*h**2 + 2 + 6*h**2. Calculate j(-1).
-3
Let d be 6*(3/3 - 5/(-15)). Suppose -45 = -d*k - 5. Let m(b) = b**2 - 7*b + 2. What is m(k)?
-8
Let r(q) = -q + 8. Suppose 0 + 27 = x. Suppose -1 - x = -7*w. What is r(w)?
4
Let i(v) be the first derivative of -v**4/4 + v**3/3 + v**2/2 - 8*v - 129. Calculate i(0).
-8
Let v(h) = -2*h**2 + 4*h - 2. Let k(s) = 3*s - 12. Let y be (-20)/15 + (-76)/(-12). Let m be k(y). Determine v(m).
-8
Suppose -13*q = -16*q - 9. Let t(w) = -104*w + w**3 + 2 + 48*w + 2*w**2 + 56*w. Calculate t(q).
-7
Let z be 6/36 + (-1314)/108. Let c(w) = -w**2 - 15*w - 28. Determine c(z).
8
Suppose 9 = 3*k - 3. Let p(c) = 3*c**3 - 2*c**2 + 3*c + 5. Let h(t) = -2*t**3 + 2*t**2 - 2*t - 4. Let f(s) = k*h(s) + 3*p(s). What is f(-2)?
-3
Let c(a) be the first derivative of 5*a**2/2 + a + 55. Determine c(1).
6
Let o(i) be the third derivative of -i**4/6 + 4*i**3/3 + 230*i**2. What is o(4)?
-8
Let u be ((-124)/(-7) - -1) + (-2)/(-7). Let y(p) = 5*p - u*p + 13*p - 4. Determine y(-2).
-2
Let w = 78 + -56. Suppose w = -5*k - 3. Let c(g) = -g**3 - 4*g**2 + 2*g - 3. What is c(k)?
12
Suppose 2*r - 3*j + 0*j - 19 = 0, 31 = 3*r - 2*j. Suppose -o - r = -5. Let s(k) = 1. Let h(b) = -b - 1. Let z(g) = -h(g) - 4*s(g). Determine z(o).
-9
Let y(b) = -b**3 + 32*b - 2*b**2 + 23*b + 32*b - 1 - 82*b. Let u(v) = -v + 7. Let i = 1 - -10. Let o be u(i). What is y(o)?
11
Let t(d) = d**2 + 28*d + 35. Let m be t(-25). Let a be ((-2)/((-2)/1))/((-8)/m). Let n(y) = -y**3 + 5*y**2 - 2*y - 1. Determine n(a).
-11
Let f(i) be the first derivative of i**2/2 - 7*i + 1. Let p(v) = 3*v + 14. Let m be p(0). Let d be -12*(3 + m/(-4)). What is f(d)?
-1
Let g(r) = -r**2 - 4*r - 3. Let f be g(-4). Let m(u) be the first derivative of u**3/3 + u**2/2 - 2*u + 171. Determine m(f).
4
Let b(n) = -n**2 + 11*n + 8. Suppose 4*f = -g + 885, -2*g + g = 3*f - 664. Suppose 225*i - 48 = f*i. What is b(i)?
-4
Let k(w) = w**3 - 6*w**2 + 5*w - 4. Let y(v) = v**3 - 8*v**2 + 8*v - 5. Let u be y(7). Suppose -2*c + 8 + u = 0. What is k(c)?
-4
Let u(m) be the second derivative of -m**4/6 + m**3 + 4*m**2 - 96*m + 2. Give u(4).
0
Let w(x) = x**2 - 14*x. Let c(k) = -18*k**2 + k - 1. Let s be c(1). Let h = s - -32. Let g be w(h). Let m(a) = -a + 21. Give m(g).
21
Let d(c) be the third derivative of c**5/30 - 7*c**4/12 + 5*c**3/6 + 3*c**2 + 52*c. Give d(7).
5
Let m(y) be the first derivative of y**4/4 - y**3 - 3*y**2/2 - 3*y - 9. Suppose -2*p - 149 = -155. Determine m(p).
-12
Let b = -354 + 348. Let x(m) = 8*m + 6. Calculate x(b).
-42
Let x(c) = -14*c - 10. Suppose 0 = 5*g - 9*p + 14*p + 40, -25 = 2*g + 5*p. Give x(g).
60
Let q(w) = -w - 2. Let z be q(-7). Suppose z + 3 = 2*m. Let f(d) = 4*d**2 + 13*d**3 - 22*d**3 + 0 + 10*d**3 - m. Calculate f(-3).
5
Let k(w) = -w - 12. Let h = -80 - -71. Give k(h).
-3
Let f = 3 - 5. Let i(k) = -k**3 + 2*k**2 + 2*k + 1. Let q(d) = 0 - d**3 + d**2 + d**2 + 4 - 3 + d. Let p(h) = f*i(h) + 3*q(h). Determine p(2).
-1
Let o be ((-34)/2 - -3)*2/(-4). Let q be -6*((-6)/(-4) + -2). Let f = q - o. Let a(h) = -h + 5. Calculate a(f).
9
Let v(t) be the third derivative of t**4/12 - 4*t**3/3 - t**2. Let l = 22 + -12. Let j be (22/l - 1)*5. Give v(j).
4
Let o(k) = 7 - 160*k + 4 + 5 + 159*k. Give o(15).
1
Let r(j) be the second derivative of -5*j**3/2 - 7*j**2 + 18*j. Let k(q) = 7*q + 7. Let s(a) = -7*k(a) - 3*r(a). Give s(-6).
17
Let k(a) = -a**2 - 20*a + 26. Let v(l) = -2*l**2 - 40*l + 52. Let m(i) = -5*k(i) + 3*v(i). Determine m(-21).
5
Let q(k) = k**3 - 4*k**2 + k - 2. Let y be q(4). Suppose 0*j = y*j + 4. Let n(a) = a**3 + a. Give n(j).
-10
Let l be (-4 - 68/(-14))*(-12 + 5). Let c(u) = -u**3 - 6*u**2 + 3*u + 19. Give c(l).
1
Let q(c) = c**3 - 6*c**2 - c + 5. Suppose -4*l = -5*l - 22. Let n = -16 - l. Determine q(n).
-1
Let j = -5 - -3. Let h = 10 + -8. Let p(q) = 9*q**3 + 2*q - 7*q**3 + h*q**2 + 0*q - 3*q + 1. What is p(j)?
-5
Let v(k) = -154 - k + 0*k + 165 + k**2. Let u be (2 - 3/2)*0. Give v(u).
11
Let o(q) = q - 6. Let t = -203 - -203. Calculate o(t).
-6
Let s(z) = -z**3 - 7*z**2 - 6*z + 8. Let u(k) = -k**2 + 4*k - 9. Let i be u(3). Determine s(i).
8
Let h(x) = -16*x + 21*x**2 + 4 - 3*x**2 - 8*x**2 + 9*x - 9*x**2. Give h(7).
4
Let m(t) = t**2 + 7*t - 11. Let s(k) = -7*k + 123. Let v be s(19). What is m(v)?
19
Let y(c) be the second derivative of c**5/20 - c**4/6 - c**3/6 + 14*c. Let t = 9 - 9. Let w(x) = -x**2 - 2*x - 1. Let z be w(t). Calculate y(z).
-2
Let a(b) be the first derivative of b**3/3 - 8*b**2 + 18*b + 6. Give a(15).
3
Let j(r) = 7*r**2 + 9*r - 9*r**2 - 12*r + 2 + 16*r. Determine j(7).
-5
Let g(o) = -7*o - 674. Let k(f) = -5*f - 476. Let i(t) = 12*g(t) - 17*k(t). Let r(j) = -j**3 - j**2 + 5*j + 2. Let v be r(-3). Give i(v).
9
Let a(s) be the second derivative of -s**5/20 + s**4/3 - s**3/2 - 5*s**2/2 - 224*s. Give a(4).
-17
Let a(q) = 2*q + 44. Suppose -19*h - 552 = 5*h. What is a(h)?
-2
Let t = -1959 - -1961. Suppose 4*w - 3*w - 3 = 0. Let m(i) = 0*i**3 + 2*i + 2*i**w + 0*i**3 - 4*i**2. Give m(t).
4
Let g(b) be the second derivative of -19*b**5/20 + b**4/6 - b**3/6 + 192*b. Determine g(1).
-18
Let b(z) = -z**2 + 5*z + 2. Let f(m) = m - 1. Suppose -h - 4 = 3*h. Let u = 354 - 356. Let c(j) = h*b(j) + u*f(j). Give c(6).
-6
Let g(t) = -t**2 - 3*t - 5. Suppose 0 = -18*l + 37*l + 114. Calculate g(l).
-23
Let q(m) = 7 - 6 - 4 + m. Suppose -2*p = -8 + 16. Calculate q(p).
-7
Let a(b) = -2*b + 12. Let v(u) = 2*u - 13. Let w(m) = 6*a(m) + 5*v(m). What is w(7)?
-7
Let r(v) = v**3 + 3*v**2 + 2*v + 2. Let l be r(-3). Let g(d) = -3*d - 2. Let h(t) = 3 - 2*t + 2 + 6*t + 2*t. Let p(j) = 5*g(j) + 3*h(j). What is p(l)?
-7
Let c(s) = 8*s**2 + 42*s**3 + 38 - 43*s**3 - 47. Determine c(8).
-9
Let s(b) = -b**3 + 8*b**2 + 11*b - 7. Let v be s(9). Suppose -3*c - 232 = -v*c. Let o = 33 - c. Let a(n) = n**3 - 5*n**2 + 2*n - 3. Give a(o).
-11
Let c(i) = -i**3 + 6*i**2 - i + 5. Let p be c(6). Let a = p + 2. Let v(k) = k**3 + k. Let f(h) = -2*h**3 - 7*h. Let l(b) = f(b) + 6*v(b). Give l(a).
3
Let f(u) = 1026*u - 344*u - 339*u - 78*u**2 - 344*u. Determine f(1).
-79
Let h = 18 - 16. Let b(r) = -3*r**2 - 20*r + 5*r**h + 14*r. What is b(5)?
20
Suppose -3*d - 2*d = -10. Suppose 0 = -0*f - d*f - 2. Let z(v) be the third derivative of -v**6/30 + v**4/24 + v**3/6 + v**